153
List the prime factors of 34539695.
5, 521, 13259
What are the prime factors of 74560103?
74560103
What are the prime factors of 36191390?
2, 5, 19, 67, 2843
What are the prime factors of 185564189?
829, 223841
What are the prime factors of 72425921?
727, 99623
List the prime factors of 60966025.
5, 389, 6269
List the prime factors of 133699889.
29, 4610341
List the prime factors of 105230851.
11, 1153, 8297
What are the prime factors of 4301200?
2, 5, 10753
What are the prime factors of 236159814?
2, 3, 11, 23, 14143
What are the prime factors of 243013826?
2, 11, 313, 35291
What are the prime factors of 48070575?
3, 5, 7, 23, 1327
What are the prime factors of 25065030?
2, 3, 5, 167, 5003
What are the prime factors of 350370214?
2, 61, 79, 36353
What are the prime factors of 471302607?
3, 2917, 53857
List the prime factors of 108162996.
2, 3, 739, 12197
List the prime factors of 1150537882.
2, 13, 479, 92383
List the prime factors of 5170449502.
2, 2585224751
List the prime factors of 95017520.
2, 5, 13, 211, 433
What are the prime factors of 278099?
47, 61, 97
What are the prime factors of 41468598?
2, 3, 43, 5953
What are the prime factors of 3187976028?
2, 3, 19, 59, 269, 881
List the prime factors of 492410028.
2, 3, 11, 43, 86753
List the prime factors of 331372185.
3, 5, 37, 73, 8179
List the prime factors of 101819707.
11, 9256337
List the prime factors of 656840886.
2, 3, 13, 47, 139, 1289
List the prime factors of 508858.
2, 7, 19, 1913
What are the prime factors of 388369485?
3, 5, 7, 136991
What are the prime factors of 57356572?
2, 7, 13, 17, 23, 31
What are the prime factors of 1541441338?
2, 8093, 95233
List the prime factors of 2405069748.
2, 3, 1151, 58043
List the prime factors of 78552723.
3, 26184241
List the prime factors of 7184372.
2, 13, 23, 6007
List the prime factors of 2761059559.
79, 223, 156727
List the prime factors of 214893674.
2, 31, 1259, 2753
List the prime factors of 87320576.
2, 7, 6091
List the prime factors of 39717838.
2, 19858919
What are the prime factors of 3738971409?
3, 97, 743, 17293
List the prime factors of 1104628540.
2, 5, 593, 93139
What are the prime factors of 16127667?
3, 22123
What are the prime factors of 478075722?
2, 3, 79679287
List the prime factors of 1642927.
11, 13, 11489
List the prime factors of 9636242266.
2, 7, 1931, 356449
What are the prime factors of 6543904?
2, 19, 47, 229
What are the prime factors of 58985272?
2, 19, 281, 1381
List the prime factors of 740727347.
740727347
What are the prime factors of 78145463?
11, 7104133
List the prime factors of 1717279011.
3, 7, 79, 389, 887
List the prime factors of 72246412.
2, 7, 563, 4583
List the prime factors of 2147826040.
2, 5, 103, 521317
What are the prime factors of 2303186684?
2, 47, 1783, 6871
What are the prime factors of 1893029304?
2, 3, 78876221
List the prime factors of 147512861.
109, 1353329
List the prime factors of 4345210471.
7, 620744353
What are the prime factors of 155771271?
3, 89, 194471
What are the prime factors of 312457782?
2, 3, 7, 13, 227, 2521
What are the prime factors of 165875439?
3, 829, 66697
List the prime factors of 343704192.
2, 3, 13, 31, 2221
List the prime factors of 62091140.
2, 5, 17, 31, 43, 137
List the prime factors of 125350883.
7, 53, 337873
List the prime factors of 177414231.
3, 4799, 12323
List the prime factors of 129710852.
2, 29, 1118197
What are the prime factors of 65315651?
5209, 12539
List the prime factors of 2271807045.
3, 5, 167, 503, 601
List the prime factors of 278693877.
3, 7, 11, 1206467
List the prime factors of 142543083.
3, 1097, 43313
List the prime factors of 214951790.
2, 5, 23, 71, 13163
List the prime factors of 2495194066.
2, 1247597033
List the prime factors of 189264460.
2, 5, 7, 11, 97, 181
List the prime factors of 2299402891.
2299402891
List the prime factors of 2728782048.
2, 3, 73, 389381
List the prime factors of 92083097.
92083097
List the prime factors of 177189914.
2, 11, 8054087
What are the prime factors of 205415232?
2, 3, 11, 19, 5119
List the prime factors of 42733088.
2, 1335409
List the prime factors of 782893007.
13, 59, 78517
List the prime factors of 102153649.
13, 23, 31, 103, 107
What are the prime factors of 1195720366?
2, 23, 25993921
What are the prime factors of 4841255370?
2, 3, 5, 7, 251, 13121
What are the prime factors of 4602071420?
2, 5, 230103571
What are the prime factors of 22136674?
2, 7, 1581191
What are the prime factors of 1704351713?
1704351713
List the prime factors of 214231565.
5, 53, 808421
List the prime factors of 159794591.
11, 73, 198997
What are the prime factors of 200419574?
2, 100209787
What are the prime factors of 602046291?
3, 7, 11, 53189
What are the prime factors of 1792615471?
3637, 492883
What are the prime factors of 38291382?
2, 3, 2127299
List the prime factors of 470410078.
2, 235205039
List the prime factors of 197206448.
2, 37, 179, 1861
What are the prime factors of 1012079228?
2, 571, 443117
What are the prime factors of 484942100?
2, 5, 1019, 4759
List the prime factors of 848680333.
8501, 99833
What are the prime factors of 182503940?
2, 5, 9125197
What are the prime factors of 304378679?
11, 83, 333383
What are the prime factors of 90915126?
2, 3, 31, 488791
What are the prime factors of 83498048?
2, 37, 953
List the prime factors of 267321786.
2, 3, 1531, 29101
List the prime factors of 5853638.
2, 7, 23, 53
What are the prime factors of 61341980?
2, 5, 7, 83, 5279
What are the prime factors of 276034871?
7, 4003, 9851
List the prime factors of 148773579.
3, 17, 2917129
What are the prime factors of 390653443?
859, 454777
What are the prime factors of 3479017069?
11, 59, 163, 32887
List the prime factors of 20434528.
2, 151, 4229
List the prime factors of 55835004.
2, 3, 17, 59, 4639
List the prime factors of 118360551.
3, 39453517
List the prime factors of 115027849.
115027849
What are the prime factors of 19458111?
3, 31, 209227
What are the prime factors of 273849590?
2, 5, 7, 449, 8713
What are the prime factors of 282801115?
5, 47, 1097
What are the prime factors of 99848856?
2, 3, 29, 143461
List the prime factors of 147587032.
2, 29, 31, 20521
What are the prime factors of 2473700557?
73, 33886309
List the prime factors of 114992400.
2, 3, 5, 79, 1213
List the prime factors of 84578553.
3, 17, 103, 1789
What are the prime factors of 36386124?
2, 3, 3032177
What are the prime factors of 97645623?
3, 32548541
What are the prime factors of 1293294036?
2, 3, 4153, 25951
List the prime factors of 3852307728.
2, 3, 863, 10333
List the prime factors of 45301489.
43, 211, 4993
What are the prime factors of 302259384?
2, 3, 7, 43, 4649
What are the prime factors of 309717618?
2, 3, 7, 61, 120889
List the prime factors of 29127517.
29127517
What are the prime factors of 5272917?
3, 13, 53, 2551
List the prime factors of 100455292.
2, 7, 397, 1291
What are the prime factors of 19532708?
2, 13, 149, 2521
What are the prime factors of 6543513?
3, 59, 12323
List the prime factors of 218825748.
2, 3, 6078493
What are the prime factors of 64281647?
3467, 18541
What are the prime factors of 66559008?
2, 3, 693323
List the prime factors of 2750949301.
73, 37684237
List the prime factors of 21254247.
3, 7, 337369
List the prime factors of 123453042.
2, 3, 227, 90641
List the prime factors of 3012079817.
3012079817
What are the prime factors of 984402663?
3, 17, 19302013
What are the prime factors of 106013702?
2, 53006851
What are the prime factors of 33006686?
2, 19, 229, 3793
List the prime factors of 12474860.
2, 5, 623743
List the prime factors of 692085196.
2, 11, 15729209
List the prime factors of 5013368284.
2, 1253342071
What are the prime factors of 166472969?
13, 12805613
What are the prime factors of 409642749?
3, 223, 204107
What are the prime factors of 451406457?
3, 17, 613, 4813
List the prime factors of 38204499.
3, 12734833
What are the prime factors of 5828101319?
29, 200969011
List the prime factors of 109496244.
2, 3, 11, 13, 63809
List the prime factors of 33603277.
379, 88663
List the prime factors of 389413733.
227, 1715479
What are the prime factors of 244404916?
2, 7, 557, 15671
What are the prime factors of 538732772?
2, 23, 137, 42743
List the prime factors o